rime factors of (-6)/7*(k + 0).
2, 3
Suppose 3*j = 5*y + 4, -4*j = 4*y + y - 17. Suppose -40 = -m - j*w, 5*m = -w - w + 161. What are the prime factors of m?
31
Let l = 107 - 91. List the prime factors of l.
2
Suppose -5*n + 4*n = -42. List the prime factors of n.
2, 3, 7
Suppose -h + 15 = p, -15*p = -17*p + 4*h + 24. What are the prime factors of p?
2, 7
Let w(v) = -v**3 - v**2 + 7*v + 6. Let k be w(-4). List the prime factors of -4*(3 + -2) + k.
2, 11
Let c(m) = m**3 + 6*m**2 + 2. Suppose 8 + 10 = -3*f. Let s be c(f). Suppose 5*w = 2*d + 80, -61 = -4*w - s*d + 3*d. List the prime factors of w.
2, 7
Let n be (60/(-4 - -8))/(-1). Let q = n + 53. What are the prime factors of q?
2, 19
Let m be (4 - 0) + (-2)/1. Suppose 4*r - 142 = -5*x, -m*r + 77 - 3 = x. List the prime factors of r/5 - 4/(-10).
2
Let j(n) = -2*n**3 + 14*n**2 + 16*n + 1. Let o(l) = -l**3 + 7*l**2 + 8*l. Let h(y) = 3*j(y) - 7*o(y). Let g be h(8). List the prime factors of (-1)/g - 13/(-3).
2
Suppose -3*r - 5*l + 121 = -161, 0 = 5*r + 5*l - 480. List the prime factors of r.
3, 11
Let x(h) = h**2 - 5*h. Let o be x(5). Suppose o*u = -2*u + 30. What are the prime factors of u?
3, 5
Let a(l) = 2*l**2 + 1. Let y be a(-1). Suppose 5*h - 24 = -2*f, 2*f - y*f = -2. What are the prime factors of h?
2
Suppose -p + a + 15 = 4*p, -2*a - 3 = -p. Suppose d + 2*x - 9 = 0, -4*d + 5*x = -p*d + 19. List the prime factors of 2*d/3*3.
2
Let q = -7 + 3. Let s(h) be the second derivative of -h**3/3 + h**2 + h. List the prime factors of s(q).
2, 5
Suppose 0*w = w - 3. Suppose -57 = -3*v + 2*x, w*v = -0*v - x + 57. Suppose -3*j + 2*j = -v. List the prime factors of j.
19
Let y = 35 + -17. Suppose -d + 6 = 17. Let x = d + y. What are the prime factors of x?
7
Suppose z + 2*z + 142 = 2*s, -5*s = z - 389. What are the prime factors of 144/14 + (-22)/s?
2, 5
Suppose -15 = -2*p + b, 3*p = -p + 3*b + 29. Let o = p - 6. Suppose -3*k = -3*q + 3, 4*k + 5 = o*q + 13. List the prime factors of q.
2, 3
Suppose -3*k + 8*k = 125. Suppose k = 2*a - 11. What are the prime factors of a?
2, 3
Suppose 7 = -5*p - 23. Let s = -11 - p. List the prime factors of (-10)/6*(s - -2).
5
Suppose 323 = -9*k + 1331. List the prime factors of k.
2, 7
Suppose 5*c = -2*s + 190, -190 = 5*c - 10*c + 2*s. Suppose x = -x + c. What are the prime factors of x?
19
Suppose 4*n = 310 - 62. List the prime factors of n.
2, 31
Let b(x) = -x**3 + 3*x**2 + 3. Let a be (-1 - -2) + 1 - -2. Suppose -a*c = -0*c - 12. What are the prime factors of b(c)?
3
Let s = 4 - 13. Suppose x = 5*x + 8. Let i = x - s. List the prime factors of i.
7
Let g be (0 + -3 - 0) + 3. Suppose g = -2*x - x - 48. Let o = -8 - x. List the prime factors of o.
2
Let l(h) = h - 2 + 6 + 1. Let g be l(-6). What are the prime factors of -1 - g*(10 - 3)?
2, 3
Let j(n) = 3*n**2 - 6*n - 1. Let d(l) = -5*l - 4. Let p(z) = -z - 1. Let a(f) = -d(f) + 4*p(f). Let y(h) = 4*a(h) + j(h). List the prime factors of y(-1).
2
Let s(w) be the first derivative of w**4/12 + w**3/6 + w - 3. Let j(l) be the first derivative of s(l). List the prime factors of j(1).
2
Let k(w) = w**3 + 10*w**2 + 12*w - 12. Let o be k(-9). List the prime factors of (-2)/13 + (-201)/o.
5
Let x(c) = 40*c**2. List the prime factors of x(1).
2, 5
Suppose 7*w - 4*w - 12 = 0. What are the prime factors of (w/(-9))/((-6)/27)?
2
Suppose 65 = -w - 4*w. Let r be (-8 - 1) + 0/2. Let g = r - w. List the prime factors of g.
2
Let h(m) = -m**3 + 11*m**2 - 11*m + 8. Let v(o) = 3*o - 3*o + 4*o**2 + 3 - 4*o. Let g(u) = 4*h(u) - 11*v(u). List the prime factors of g(-1).
3
Let k(s) = s + 2. Let h be k(-3). Let a be (-3 + 2)/(h/(-27)). Let v = -19 - a. List the prime factors of v.
2
Suppose -3*u = 3*w, 6*w - 2*u = 2*w + 18. Let f = 46 + -2. Suppose -3*d - m + f = 0, d + m + w*m = 11. What are the prime factors of d?
3, 5
Suppose 0 = 9*q - 4 - 419. List the prime factors of q.
47
Suppose 3*l = -0*l + 5*i + 61, -5*i = -5*l + 115. What are the prime factors of l?
3
Let v(o) = -o**3 + 4*o**2 - 3*o. Let a be v(3). Let p be 3/(-3)*(-1 - a). What are the prime factors of (5/15)/(p/15)?
5
Let z(g) = g**2 + 6*g + 9. List the prime factors of z(-8).
5
List the prime factors of (-436)/(-18) - 12/54.
2, 3
Suppose -4*a + 19 = -1. List the prime factors of a.
5
Suppose -3*c + 9 + 0 = 0. Suppose 135 = 4*k + c*f, -2*k + 3*f + 50 = f. List the prime factors of k.
2, 3, 5
Let c(o) = -8*o**3 + 2*o + 1. Let l = -1 - 0. List the prime factors of c(l).
7
Let c be -2 + -1 + 4 + -2. List the prime factors of c*(1 - (-108)/(-4)).
2, 13
Let l = 110 + -53. What are the prime factors of l?
3, 19
Suppose 4*x + 3 = -5, x + 47 = y. Suppose -3*r + 6 = -y. What are the prime factors of r?
17
Let b = -4 + -1. Let p = b + 3. What are the prime factors of 4 + 0 + (p - -5)?
7
Let r = 29 - 10. List the prime factors of r.
19
Let h(o) = -o**3 - 4*o**2 + 2*o - 7. Let b be h(-5). List the prime factors of (-66)/b*(-56)/21.
2, 11
Suppose g + 4 = 1. What are the prime factors of 0 + (-6)/g - -9?
11
Let m = 10 - 5. Suppose h = m*h - 60. What are the prime factors of h?
3, 5
Let p(q) = -3*q - 12. Let t(i) = -6*i - 24. Let v(k) = 9*p(k) - 4*t(k). Suppose -4*d + 8 = 44. List the prime factors of v(d).
3, 5
Let j(d) be the second derivative of -d**5/20 - d**4/2 - 4*d**3/3 - 5*d**2/2 - 2*d. Let x be (-4)/(-16) - 21/4. What are the prime factors of j(x)?
2, 5
Suppose -117 - 33 = -5*k. List the prime factors of k.
2, 3, 5
Let n(k) = -k**2 - 6*k - 4. Let s be n(-4). Suppose 4*j = -3*i + 32, -2*i - 3*i = -s*j. Let u = 2 + j. What are the prime factors of u?
7
Let u be (-162)/(-5) - 27/(-45). Suppose 0 = 4*d + 5 - u. What are the prime factors of d?
7
Suppose 98 = 6*s - 124. What are the prime factors of s?
37
Let v be (-18)/45 - 12/(-5). List the prime factors of ((-182)/(-21))/(v/3).
13
Suppose d + 2*d = 96. List the prime factors of d/(-12)*-3*1.
2
List the prime factors of 7*(306/(-7))/(-3) + -1.
101
Let l = -15 + 16. List the prime factors of 1 - l - 133/(-7).
19
Let a be 1/3 + (-10)/3. Let u be (2 - (-6)/a)/(-3). Suppose -7 = -2*i - 1, 2*y + 2*i - 14 = u. What are the prime factors of y?
2
Let a = 6 + -10. Let q(i) = i**2 + i + 2. What are the prime factors of q(a)?
2, 7
Let y(j) = 2*j**2 - 8*j - 32. List the prime factors of y(-10).
2, 31
List the prime factors of 446/16 + (-2)/(-16).
2, 7
Suppose -5*x + 10*x = 2*y - 84, 0 = 4*x. List the prime factors of y.
2, 3, 7
Let l(o) = 2*o**2 + 3*o + 2. What are the prime factors of l(3)?
29
Suppose 170 + 360 = 5*j. What are the prime factors of j?
2, 53
Let p be ((-20)/6)/((-2)/(-9)). Let r = 32 + p. List the prime factors of r.
17
Suppose -3*b = 2*b - 110. What are the prime factors of b?
2, 11
Suppose 3*k + 4 = k. What are the prime factors of ((-40)/k - 2) + -3?
3, 5
Let x(g) = -2*g + 2. Let n(i) = 6*i - 5. Let m(v) = -v**2 - v + 4. Let s be m(0). Let o(f) = s*n(f) + 11*x(f). What are the prime factors of o(3)?
2
Suppose 18*f = 20*f - 2. List the prime factors of (f - 1) + 2 + 30.
2
Suppose -4*q + 0 = -20. Let j be (2 - 0)*(-12)/(-12). Suppose -q*d + l - 6 = -3*l, 16 = -j*d + 5*l. What are the prime factors of d?
2
Let v be (-12)/(6*(-2)/8). Let c = -9 + v. What are the prime factors of c/2*130/(-5)?
13
Suppose -3*j - 5*o = -7*j + 5, -2*j + 3*o = -3. What are the prime factors of 8 + 1 + 0 + j?
3
Let q(a) = a + 1. Let m be q(2). Let x = m - -1. Suppose -x*k = -36 - 4. What are the prime factors of k?
2, 5
What are the prime factors of 0 - 3/(6/(-20))?
2, 5
Suppose 3*a - 13*a = -160. What are the prime factors of a?
2
Let h = -26 - -38. Let s = h - 6. What are the prime factors of s?
2, 3
Let h = -328 - -460. List the prime factors of h.
2, 3, 11
Suppose 0*f - f + 5*z + 10 = 0, -3*f = 4*z + 8. Suppose -7*u + 22 = -20. What are the prime factors of 84/u + f/1?
2, 7
Suppose -2*q + 8 = 2*b, 2*b - 4*q = q - 20. Suppose -2*k - 4 = b, -l = k - 2 + 5. Let x(d) = 11*d**2 - 1. What are the prime factors of x(l)?
2, 5
Let h be 21/(-2)*(-4)/6. Let b = h + 4. List the prime factors of b.
11
Let t be (3/2)/((-3)/(-24)). Suppose 32 = 4*x - t. List the prime factors of x.
11
What are the prime factors of (-1)/3*67*(-18)/6?
67
Suppose -c + 3 = -9*m + 4*m, -2*c - 5*m = -6. What are the prime factors of c?
3
Let d(k) = -4*k**3 - k**2 + k + 1. Let p be d(-1).